f z and a.
23
Let m(p) = 3*p + 3 + 4*p**2 - 1 + 8*p**3 - 37*p**3 - 1. Let i be m(-2). Suppose -a = 4*a - 135. Calculate the highest common factor of i and a.
27
Suppose q = -4*r + 6*q - 137, 0 = -3*r + 5*q - 109. Let v be ((-51)/(-12))/(r/16 + 2). What is the greatest common factor of v and 85?
17
Let p be 4/(-16) + ((-5658)/(-8))/(-3). Let d = 362 + p. Calculate the highest common factor of 84 and d.
42
Let v be (11 - (6 + -2))*(1 - 0). Let z be 70*((-24)/(-5) + -4). Calculate the greatest common factor of z and v.
7
Let c(d) = d + 55. Let m be c(-37). What is the greatest common divisor of m and 45?
9
Suppose 3*c - 170 = 5*i, -i - 5 + 1 = 0. Let r = c + -20. Calculate the greatest common divisor of r and 15.
15
Suppose -2*b = b - 495. Let g(k) = 5*k**3 - 4*k**2 + 11*k - 13. Let f be g(2). Calculate the greatest common divisor of b and f.
33
Let u = 46 + -29. Suppose -131 = 2*l + 77. Let g = 83 - l. What is the highest common divisor of g and u?
17
Suppose 16*u + 6*u = 308. Calculate the highest common divisor of 32 and u.
2
Let y(g) = -16*g - 170. Let a be y(-11). What is the highest common divisor of a and 726?
6
Let u be (-14)/(-4)*(8 + -10). Let r = 13 - u. Calculate the highest common factor of r and 220.
20
Let y = -143 + 77. Let v = y + 78. Calculate the highest common divisor of v and 84.
12
Let o = 107 + 271. Calculate the greatest common factor of 18 and o.
18
Let z = 92 - 82. Let b be (2 - 12/z)/((-1)/(-120)). What is the highest common factor of 64 and b?
32
Let s = -8 + 5. Let b = s + 3. Let r(l) = l + 5. Let q be r(b). What is the greatest common factor of 35 and q?
5
Let i be (-5)/((-15)/2)*3. Suppose -5*k - 3*l + 33 = -k, l - 15 = -i*k. Calculate the highest common factor of 21 and k.
3
Let i(p) = -2*p - 23. Let m be i(-27). Suppose 3*g + 11 = -q - 48, -85 = 4*g - 5*q. Let r = g + m. What is the highest common divisor of r and 33?
11
Let i be (-4)/2 + (-40)/5. Let d be 7 - 1 - (i - -11). Suppose 108 = d*f - 4*f. What is the highest common factor of f and 12?
12
Let q(v) = 2*v**3 - 7*v**2 + 5*v - 3. Let x be q(4). Let h = 846 + -582. Calculate the greatest common factor of x and h.
33
Suppose -8*n = -293 - 283. Calculate the greatest common factor of 54 and n.
18
Suppose -45*c + 21 = -42*c. Let b be (-2 - (4 - c)) + (-2 - -27). What is the highest common factor of b and 78?
26
Let k be (-2)/(-1)*(-1 - -2). Suppose -14 = -j + 5*v, 3*j - 4*v + k = -0*j. Let l = j + 13. What is the greatest common divisor of l and 63?
7
Let l be 8/20 - 2/5. Suppose 4*z - 296 = -l*z. Let f = -50 + z. Calculate the highest common factor of 6 and f.
6
Let a = 262 - 123. Suppose -131 = -5*v + a. Calculate the greatest common factor of 6 and v.
6
Suppose 5*p + 3*h + 155 = 2*h, 0 = -3*h. Let j = -9 - p. Let f(r) = r**3 - 4*r**2 - 15*r + 20. Let t be f(6). Calculate the highest common factor of j and t.
2
Let h = 93 + 24. Suppose 0 = -2*o + h + 55. Suppose -8*f = -3*f + x - 149, -4*x = 3*f - o. What is the greatest common divisor of 20 and f?
10
Let x(q) = 17*q**2 + 15*q + 51. Let d be x(-4). Let j = 272 - d. Let o(u) = -u**2 - 6*u + 1. Let c be o(-6). Calculate the highest common factor of c and j.
1
Suppose -6 = 2*n - 4*d, 3*n + 4*d = 2*d + 15. Suppose -39 = n*h - 147. Calculate the greatest common divisor of 396 and h.
36
Let d(b) = 3*b**2 + 3*b + 1. Let j be d(-6). Suppose -r - 3*m = -20 - 8, 51 = 2*r + 5*m. What is the highest common divisor of j and r?
13
Let f = -648 - -760. Calculate the greatest common divisor of f and 72.
8
Suppose 6 = -b + 2*b. Suppose 0 = -b*k - 435 + 1125. Let z(q) = -4*q - 5. Let d be z(-7). What is the greatest common factor of d and k?
23
Let m(v) = 8*v**2 - 5*v + 4. Let j be 2/4 - 21/(-6). Let a be m(j). Let q = 25 - 11. Calculate the greatest common divisor of q and a.
14
Suppose 3*k - 211 = -5*g, -3*g - 25 = -5*k + 338. What is the highest common factor of 132 and k?
12
Let n(k) be the second derivative of -4*k**5/5 - k**4/6 - k**3/3 - k**2 + 15*k. Let u be n(-1). What is the highest common factor of u and 4?
2
Suppose 0 = 14*k - 318 - 298. Calculate the greatest common divisor of 110 and k.
22
Suppose 19*z - 475 = 16*z - 5*p, 2*z - 315 = -3*p. What is the greatest common factor of z and 60?
30
Suppose -22 = -3*c + 89. Suppose s - 3*s + 518 = 0. Calculate the highest common factor of s and c.
37
Let h(d) = 2*d**3 - 2*d - 1. Let i be h(-1). Let g be i/(-6) + 1293/18. What is the highest common divisor of g and 48?
24
Let p = 9 + -5. Suppose -8 = -i - p*j, 4*i - 42 = -5*j + 1. What is the greatest common factor of i and 30?
6
Let n(o) = -o**3 + 23*o**2 + 7*o - 66. Let t be n(23). What is the greatest common factor of 5 and t?
5
Suppose 0*a - 5*a + 65 = -5*h, 0 = -5*a + 4*h + 60. What is the highest common divisor of 216 and a?
8
Suppose 5*k + 15 = -5. Let u be -38*2*3/k. Calculate the greatest common factor of u and 38.
19
Suppose 4637 = 48*x - 34963. Calculate the highest common divisor of 110 and x.
55
Let g = -67 - -197. Calculate the greatest common factor of 20 and g.
10
Suppose -61 = -5*l - 1. Let b = 10149 + -10083. Calculate the greatest common divisor of l and b.
6
Let j be 4/3*6/1. Suppose -4*o = -3*g + g - 36, 4*g - j = 0. Suppose -5*f = -o*f + 1155. What is the greatest common divisor of 21 and f?
21
Let h = 193 - 98. Suppose h + 61 = 4*k. Suppose -2*y = y - k. Calculate the highest common divisor of 117 and y.
13
Suppose 5*a + 38*g - 599 = 41*g, 0 = -2*a - 3*g + 248. Calculate the greatest common divisor of a and 22.
11
Let h be 5 + 3/(-6)*6. Let t be (2 - (4 - 0)) + 2. Suppose t = 2*w - 0*w - 16. Calculate the highest common divisor of w and h.
2
Let j = -287 - -295. Calculate the highest common divisor of 20 and j.
4
Suppose 0 = -4*v - 12, 4*s - 5*v - 8706 = -1059. Calculate the highest common divisor of 12 and s.
12
Let w(l) = 13*l**2 - 3*l + 2. Let y(s) = -s**3 + 2*s**2 - s + 1. Let r be y(1). Let p be w(r). Calculate the highest common factor of 24 and p.
12
Let n(i) = i**3 - 46*i**2 + 46*i - 12. Let r be n(45). Calculate the highest common factor of r and 88.
11
Let a = 18 + -34. Let v = 20 + a. Calculate the greatest common factor of v and 16.
4
Suppose 0 = 3*w + w - g - 34, -29 = -3*w - g. Let j(x) = x**2 - 4*x + 11. Let s be j(w). Calculate the highest common factor of s and 14.
14
Let f(z) = -2*z**2 + 3*z + 4. Let j be f(3). Let o = 4 - j. Suppose -2*m - m = -o. What is the greatest common factor of 6 and m?
3
Let b = -5 + 10. Suppose b*m - 22 - 128 = 0. What is the greatest common divisor of 50 and m?
10
Let n be 4*(0 + 1) + 260/5. Let d(r) = r**2 + 9*r - 3. Let j be d(-10). What is the greatest common divisor of n and j?
7
Let p(c) = 5 + c + 2*c**2 - 7*c**2 + 5*c**2 - c**3. Let o be p(0). Suppose -3*x - o*s - 5 = 0, -2*s - 12 = s. What is the highest common factor of x and 5?
5
Suppose 26 = -4*t + 2*c, 5*t + 2*c = -12 - 7. Let r be t + 1128/28 + 4/(-14). Calculate the highest common factor of 5 and r.
5
Let f(k) be the first derivative of -k**4/4 + 4*k**3/3 + 4*k**2 - 11*k + 8. Let q be f(5). What is the greatest common divisor of 10 and q?
2
Let m(k) = -4*k**2 - 40*k - 8. Let u be m(-6). Calculate the highest common factor of u and 616.
88
Suppose -r - 3*k = -74, 2*r + k - 150 = -3*k. Suppose 4*x - 83 = r. Calculate the highest common factor of x and 5.
5
Let h be ((-10)/(-7))/(3 + (-205)/70). Let r(p) = -p + 1. Let x be r(-4). What is the greatest common factor of h and x?
5
Let f(i) = -4*i + 224. Let w be f(0). Let k = 29 - -3. Calculate the greatest common divisor of k and w.
32
Suppose -3*n = -4*u + 162 + 358, -5*u - 3*n + 650 = 0. Let z = 33 + -24. Let l be (3/z)/(1/78). What is the greatest common divisor of u and l?
26
Let j = 478 + -240. What is the greatest common factor of 14 and j?
14
Let d(o) = -o**3 + 10*o**2 - 10*o + 61. Let a be d(4). What is the highest common divisor of a and 741?
39
Let c(p) = 2*p + 70. Let m be c(0). Suppose -4*l + 9*l - 25 = 0, 0 = -2*g + 4*l + 52. Let q be (7/3)/(3/g). What is the greatest common factor of q and m?
14
Suppose -7*h + 5 = -2*h. Let z be (19 - -40) + -4 + h. What is the greatest common divisor of 8 and z?
8
Let s = 26 + -14. Let n be -205*(3 + -8 + 2 - -4). Let h be 1/7 + n/(-35). Calculate the greatest common factor of h and s.
6
Let d be